 = -5 + 5. Suppose 0 = -y*m + 2*m - a. What is the highest common factor of 22 and m?
2
Let r = 8 - 4. Let d = -4 + r. Let h be 0 + -3 - (d - 35). Calculate the highest common divisor of 8 and h.
8
Let g be 21/15 - 2/5. Let z be 57 + -1 + (g - 1). Let i(b) = b - 7. Let s be i(15). Calculate the highest common divisor of s and z.
8
Let c = 9 + 7. Calculate the greatest common factor of c and 176.
16
Let q(s) = 3*s - 3. Let l be q(4). What is the greatest common factor of 99 and l?
9
Suppose 4 = 2*s, -2*s = -4*v - 4*s + 1516. Suppose -5*r = 0, 3*k = -r + 2*r + v. Let o be (3/2)/(-3)*-36. What is the highest common factor of k and o?
18
Suppose -2*x = 2*x + 3*n - 44, -5*x = -3*n - 82. Suppose -k + 3*k = 28. What is the greatest common divisor of x and k?
14
Let r(a) = -a**3 - 4*a**2 + 5*a + 4. Let s be r(-5). Let i = -49 + 23. Let d = -16 - i. What is the highest common divisor of s and d?
2
Suppose -14*v + 468 + 218 = 0. Let a = -16 + 23. What is the highest common divisor of a and v?
7
Let v(n) = 3*n + 7. Let d be v(7). Let g = d + -19. What is the highest common divisor of 63 and g?
9
Let y(d) = 4*d - 2. Let l be y(8). Let n(j) be the second derivative of 7*j**3/6 - j**2 + 2*j. Let u be n(2). What is the greatest common factor of u and l?
6
Suppose -7 = 3*z + 5. Let n be z/(-18) + 656/(-36). Let g be (-40)/30*n/4. Calculate the greatest common factor of g and 9.
3
Let o = -35 + 57. Let q(s) = 39*s + o*s - s. Let r be q(3). What is the greatest common factor of 20 and r?
20
Let u be (-2)/7 + 6/21. Suppose u*f + 4*f = 0. Suppose f = -2*b - w - w + 20, -3*b + 40 = 5*w. Calculate the highest common factor of 5 and b.
5
Let j = -277 - -301. Let m(b) = 47*b**2 + 1. Let t be m(1). Calculate the highest common divisor of t and j.
24
Let x(a) = -a - 4. Let y be x(-4). Suppose y = -0*h + h - 8. What is the highest common divisor of 56 and h?
8
Let f(k) = 41*k**2 + 2*k + 1. Let w be f(-1). What is the highest common divisor of 16 and w?
8
Suppose 0 = -p + 5*p - 8, 266 = 3*d + p. What is the highest common divisor of 8 and d?
8
Suppose -3*q = -28 - 17. What is the greatest common factor of q and 3?
3
Suppose 0 = -5*d - 11 + 221. Calculate the highest common factor of d and 6.
6
Let g = 35 + -23. Let z be 3/2*32/g. Suppose 7 + 57 = 4*f. What is the greatest common factor of z and f?
4
Let h(m) = -m**3 + 9*m**2 + m + 1. Let t be h(9). Suppose 2*p + 0*p - 50 = -5*u, -u + t = -4*p. Calculate the greatest common divisor of 70 and u.
10
Let u(x) = -x**2 + 5*x + 20. Let b be u(8). Suppose -39 = -2*i - 5*c, 3*i = 8*i + c - 109. Let w = i + b. Calculate the highest common factor of 72 and w.
18
Suppose -38 = -4*d + 102. What is the greatest common factor of 5 and d?
5
Suppose -25 = -10*k + 5*k. Let l be (5 + 45)*2/k. What is the highest common divisor of l and 4?
4
Let m = -6 + 12. Suppose 5*q - 6 = 9. Let g be ((-8)/m)/((-2)/q). What is the greatest common divisor of g and 3?
1
Let s = -93 - -165. Let x be 4/6*3 + 16. What is the highest common divisor of s and x?
18
Let d(z) = -3*z - 16. Let a be d(-12). What is the highest common divisor of 30 and a?
10
Let x = 167 + -107. What is the highest common factor of x and 15?
15
Let i(w) = -w - 4. Let m be i(-9). Calculate the highest common factor of m and 15.
5
Suppose -5*k + r = -100, -k + 9 + 5 = r. Let m(z) = -z - 2. Let i be m(-4). Let b = k - i. What is the highest common divisor of b and 119?
17
Let m = -34 - -94. What is the greatest common divisor of 40 and m?
20
Let q = -8 + 40. Suppose -4*o = 8, -d + 16 = o - 5*o. What is the greatest common divisor of q and d?
8
Let g = 12 - 5. Let y = -2 - -2. Suppose y*r = 5*r - 5. What is the highest common factor of r and g?
1
Let y(s) = 3*s + 3. Let c(g) = 7*g + 5. Let f(r) = -6*c(r) + 13*y(r). Let k be f(-8). What is the greatest common factor of 3 and k?
3
Let h(i) be the third derivative of i**4/3 + i**3/3 + i**2. Let j be 8 + -7 - (0 + -1). Let w be h(j). What is the highest common factor of w and 12?
6
Let r(o) = -2*o - 2. Let d be r(-10). What is the highest common divisor of d and 24?
6
Let w be 1/(1 + 80/(-78)). Let j = w - -59. Let p(f) = 14*f**2 - 4*f - 4. Let t be p(-2). Calculate the highest common factor of j and t.
20
Let j be (8 - -1)*(0 - -1). Let q be 146/(-10) - (-4)/(-10). Let o be 407/5 - (-6)/q. Calculate the greatest common divisor of o and j.
9
Suppose -10 = k - 30. Suppose 3*g + k = -2*u - 2*u, 4*g = -5*u - 25. Suppose 6*v - v - 15 = g. Calculate the greatest common factor of v and 9.
3
Let c = 7 - 8. Let y = 2 - c. Calculate the greatest common divisor of y and 9.
3
Suppose 3*k - 4*k - 4 = 5*b, 2*b = -4*k + 56. What is the greatest common divisor of k and 16?
16
Suppose 0 = 2*c - 100 + 4. What is the highest common factor of c and 120?
24
Let o(x) = -2*x + 5. Let q be o(4). Let a(i) = -i**3 + 2*i**2 + 3*i - 4. Let r be a(q). What is the greatest common factor of r and 8?
8
Let h(n) = 31*n**3 + n. Let b be h(1). What is the highest common divisor of 4 and b?
4
Let y be 72*9/(-48)*-4. Calculate the highest common divisor of y and 9.
9
Suppose 18 + 4 = j. Let d be (-11)/3*(-2 - 10)/4. What is the greatest common divisor of j and d?
11
Let l be (80/6)/((-6)/(-18)). Suppose -5*g + g = -l. Calculate the highest common factor of 110 and g.
10
Suppose -93 = -3*k - 3*f, -k = -2*k - 3*f + 31. Suppose k = 3*l - 11. Suppose 5*a = 132 + 43. Calculate the greatest common factor of l and a.
7
Let p(i) = 2*i**2 - 4*i + 2. Let s be p(4). Let j be 110/9 - 4/s. What is the greatest common factor of j and 108?
12
Let m(v) = 9*v + 2. Let g be m(2). Let u = 4 + 0. Suppose -72 = -2*j - a + 205, -4*a = -u*j + 572. What is the highest common divisor of j and g?
20
Let m = -9 + 9. Suppose 0 = -m*p + 2*p - 18. Calculate the highest common divisor of p and 27.
9
Suppose -8*f = -0*f - 192. Calculate the greatest common factor of f and 18.
6
Let t be (-2)/5 + (-1491)/(-15) + 5. What is the highest common factor of 8 and t?
8
Let h = 37 - 21. Let l = 24 - h. Suppose -3*q + 8 = -c, 2*q + 3*q = -3*c - 10. Calculate the highest common factor of q and l.
1
Let y(n) = -n**2 - 18*n - 51. Let c be y(-13). Suppose 0 = 4*d - 5 - 163. What is the highest common divisor of d and c?
14
Let n be (11 - 11)/(-1 - -2). Suppose 6*h - 8*h + 204 = n. Calculate the greatest common divisor of 17 and h.
17
Let w = -11 + 16. Suppose -2*d - 7 = -3*h + 1, -8 = 5*h + 2*d. Suppose h = y, 4*l + 4 - 16 = -w*y. What is the highest common factor of l and 6?
3
Let a = 8 - 10. Let w(z) = 10*z**2 - z. Let q be w(a). Let k be 167/6 + (-7)/(-42). Calculate the highest common factor of q and k.
14
Let d be 63/((-15)/12 + 2). Calculate the greatest common divisor of d and 21.
21
Suppose -5*c + 27 = -13. Let s(n) = -n**3 + 8*n + 10. Let k be s(-7). Let a = -209 + k. Calculate the greatest common divisor of c and a.
8
Suppose -675 = -5*h + 3*y + 209, -4*h - y + 714 = 0. Suppose -5*a - u + h = 0, 2*a + 13 = -4*u + 95. What is the highest common divisor of a and 5?
5
Let n be (-70)/15 - (-2)/(-6). Let t be n/2*-2 + 1. Let y be ((-132)/10)/(t/(-20)). Calculate the greatest common divisor of y and 11.
11
Let o(p) = -3*p**2 + 14*p + 0*p**2 + 4*p**2 + 10. Suppose 5*s + 3 = -67. Let u be o(s). What is the highest common factor of u and 10?
10
Suppose -2*f + f = -4. Let b(o) = 2 + 3 + f*o**2 + 4*o + o**3 - 3. Let g be b(-2). Calculate the highest common divisor of g and 8.
2
Suppose -4*d - 77 - 31 = 0. Let o = d + 3. Let l = o - -39. What is the highest common factor of l and 75?
15
Let k = 67 + -54. Calculate the highest common factor of 91 and k.
13
Suppose p = 2*f - 34, f - 17 = p - 0*p. Calculate the highest common divisor of f and 153.
17
Let f(z) = 3*z + 43. Let b be f(16). What is the highest common factor of b and 13?
13
Let h(c) = -2*c**3 - 11*c**2 - 4*c + 10. Let d be h(-6). Let z(b) = 5*b**3 - 4*b**2 + 2*b. Let l be z(2). Calculate the highest common divisor of l and d.
14
Suppose h + 2 - 4 = 0. Suppose h*m = -0*m + 2. Let l be m*-4*(-7 - 2). What is the greatest common divisor of l and 4?
4
Suppose i - 126 = -2*z, 0 = 3*i + 6. Let t(o) = o**3 + 6*o**2 + 3*o - 2. Let q be t(-3). Calculate the highest common factor of q and z.
16
Let f be 2*3*(-24)/(-16). What is the highest common divisor of f and 18?
9
